{"id":146,"date":"2024-05-01T14:10:47","date_gmt":"2024-05-01T14:10:47","guid":{"rendered":"https:\/\/al9arya-addakya.ma\/?page_id=146"},"modified":"2024-05-01T14:10:47","modified_gmt":"2024-05-01T14:10:47","slug":"mots-du-president","status":"publish","type":"page","link":"https:\/\/al9arya-addakya.ma\/?page_id=146","title":{"rendered":"Mots du Pr\u00e9sident"},"content":{"rendered":"<div class=\"wp-block-image\">\n<figure class=\"alignleft size-large is-resized\"><img fetchpriority=\"high\" decoding=\"async\" width=\"1024\" height=\"809\" src=\"https:\/\/al9arya-addakya.ma\/wp-content\/uploads\/2024\/05\/10006483_6338775833525-1024x809.png\" alt=\"\" class=\"wp-image-147\" style=\"width:341px;height:auto\" srcset=\"https:\/\/al9arya-addakya.ma\/wp-content\/uploads\/2024\/05\/10006483_6338775833525-1024x809.png 1024w, https:\/\/al9arya-addakya.ma\/wp-content\/uploads\/2024\/05\/10006483_6338775833525-300x237.png 300w, https:\/\/al9arya-addakya.ma\/wp-content\/uploads\/2024\/05\/10006483_6338775833525-768x607.png 768w, https:\/\/al9arya-addakya.ma\/wp-content\/uploads\/2024\/05\/10006483_6338775833525.png 1500w\" sizes=\"(max-width: 1024px) 100vw, 1024px\" \/><\/figure>\n<\/div>\n\n\n<p>Chers visiteurs,<\/p>\n\n\n\n<p>C&rsquo;est avec un immense plaisir que je vous accueille sur le site web de CKM Digiboutik Al 9arya Addakya.<\/p>\n\n\n\n<p>Notre projet est n\u00e9 de la conviction profonde que la digitalisation peut \u00eatre un puissant levier pour le d\u00e9veloppement des zones p\u00e9riurbaines et rurales, non seulement au Maroc, mais aussi en Afrique. Nous sommes d\u00e9termin\u00e9s \u00e0 transformer ces communaut\u00e9s en hubs d&rsquo;innovation, de durabilit\u00e9 et de r\u00e9silience, en exploitant les ressources locales de mani\u00e8re judicieuse et en int\u00e9grant les technologies num\u00e9riques de pointe.<\/p>\n\n\n\n<p>\u00c0 CKM Digiboutik Al 9arya Addakya, nous nous engageons \u00e0 combler le foss\u00e9 num\u00e9rique et \u00e0 cr\u00e9er des opportunit\u00e9s \u00e9conomiques pour tous. Notre \u00e9quipe d\u00e9vou\u00e9e travaille sans rel\u00e2che pour mettre en \u0153uvre des solutions novatrices, promouvoir l&rsquo;inclusion sociale et renforcer les capacit\u00e9s des communaut\u00e9s que nous servons.<\/p>\n\n\n\n<p>Nous croyons fermement en la valeur du partenariat et de la collaboration. Nous sommes reconnaissants envers nos partenaires, nos collaborateurs et toutes les parties prenantes qui nous soutiennent dans notre mission.<\/p>\n\n\n\n<p>Je vous invite \u00e0 explorer notre site web pour en savoir plus sur nos initiatives, nos valeurs et nos engagements. Ensemble, nous pouvons b\u00e2tir un avenir meilleur pour tous.<\/p>\n\n\n\n<p>Bienvenue \u00e0 CKM Digiboutik Al 9arya Addakya.<\/p>\n\n\n\n<p>Cordialement,<\/p>\n\n\n\n<p>Mohamed Khalid Chafaqui<\/p>\n\n\n\n<p>Pr\u00e9sident de Projet<br>CKM Digiboutik Al 9arya Addakya<\/p>\n","protected":false},"excerpt":{"rendered":"<p>Chers visiteurs, C&rsquo;est avec un immense plaisir que je vous accueille sur le site web de CKM Digiboutik Al 9arya Addakya. Notre projet est n\u00e9 de la conviction profonde que la digitalisation peut \u00eatre un puissant levier pour le d\u00e9veloppement des zones p\u00e9riurbaines et rurales, non seulement au Maroc, mais aussi en Afrique. Nous sommes [&hellip;]<\/p>\n","protected":false},"author":1,"featured_media":0,"parent":0,"menu_order":0,"comment_status":"closed","ping_status":"closed","template":"","meta":{"saved_in_kubio":false,"footnotes":""},"class_list":["post-146","page","type-page","status-publish","hentry"],"kubio_ai_page_context":{"short_desc":"","purpose":"general"},"_links":{"self":[{"href":"https:\/\/al9arya-addakya.ma\/index.php?rest_route=\/wp\/v2\/pages\/146","targetHints":{"allow":["GET"]}}],"collection":[{"href":"https:\/\/al9arya-addakya.ma\/index.php?rest_route=\/wp\/v2\/pages"}],"about":[{"href":"https:\/\/al9arya-addakya.ma\/index.php?rest_route=\/wp\/v2\/types\/page"}],"author":[{"embeddable":true,"href":"https:\/\/al9arya-addakya.ma\/index.php?rest_route=\/wp\/v2\/users\/1"}],"replies":[{"embeddable":true,"href":"https:\/\/al9arya-addakya.ma\/index.php?rest_route=%2Fwp%2Fv2%2Fcomments&post=146"}],"version-history":[{"count":1,"href":"https:\/\/al9arya-addakya.ma\/index.php?rest_route=\/wp\/v2\/pages\/146\/revisions"}],"predecessor-version":[{"id":149,"href":"https:\/\/al9arya-addakya.ma\/index.php?rest_route=\/wp\/v2\/pages\/146\/revisions\/149"}],"wp:attachment":[{"href":"https:\/\/al9arya-addakya.ma\/index.php?rest_route=%2Fwp%2Fv2%2Fmedia&parent=146"}],"curies":[{"name":"wp","href":"https:\/\/api.w.org\/{rel}","templated":true}]}}